 digit of d?
6
Let j = 7137 - 4792. What is the hundreds digit of j?
3
What is the thousands digit of ((-113812)/(-3) + 0)*(-111)/(-74)?
6
Suppose -2*m + z - 27 = 0, 0 = -2*m + 5*z - 0*z - 7. Let k be (m/24)/((-248)/(-126) - 2). What is the units digit of 0 - (-7)/(k/372)?
4
What is the tens digit of 28185/5 - (9 + 5)?
2
Let r(t) = -5*t**3 - 2*t**2 - 3*t - 2. Let x be r(-1). Suppose -x*o + 9*k + 1112 = 5*k, 0 = o + 2*k - 278. What is the hundreds digit of o?
2
Suppose 0 = 5*n - 25, -6*y + 5*y + 4*n - 21 = 0. What is the thousands digit of 6*y - 33408/(-24)?
1
Suppose 11*h - 3*h = -3808. Let l = -319 - h. What is the hundreds digit of l?
1
Let d(u) = -183*u + 37. Let p be d(-6). Suppose 9*x - 1115 = 6*x + 5*i, 3*x = -5*i + p. What is the hundreds digit of x?
3
Suppose 1894*b = 1908*b - 99190. What is the units digit of b?
5
Let c = -19262 + 30457. What is the thousands digit of c?
1
Let m(b) = b**3 + 11*b**2 - 776*b + 16. What is the ten thousands digit of m(39)?
4
Let f = 35 + -56. Let m be (40/(-30))/(1/f). Let n = m + -7. What is the tens digit of n?
2
Suppose -5*b = -2*c + 14558, c + 3*b = 7304 - 58. What is the thousands digit of c?
7
Suppose 0 = -7*v - 14*v + 42. Suppose a + v*m - 21 = 35, 5*m + 263 = 4*a. What is the tens digit of a?
6
Let w be 6/9 + ((-32)/(-24))/1. Suppose 1215 = 2*n + 3*j - 762, 1983 = w*n + j. What is the tens digit of n?
9
Let d(l) = -l**2 - 42*l + 285. Let p be d(-47). Suppose p*g - 46*g + 3*v - 1348 = 0, 4*g + 4*v - 1352 = 0. What is the units digit of g?
4
Let g(c) = 109 + 258*c + 125 - 253. What is the units digit of g(3)?
5
Let g(v) = 5*v**2 + 4*v + 1. Let f be g(3). Let m = f + -67. What is the units digit of (-1 - 0)/(m/45)?
5
Let w be (-5)/15 + -2 + 44/6. Suppose 5*h + 604 = 5*x + 4*h, w*x - 3*h = 602. Suppose 2*j - j = 3*o - 324, -4*j = o - x. What is the hundreds digit of o?
1
Let u(a) = 212*a**3 - 3*a**2 - 14. What is the tens digit of u(3)?
8
Let w(z) be the second derivative of 11*z**5/20 - z**4/24 - 11*z**3/6 + 3*z. Let j(t) be the second derivative of w(t). What is the hundreds digit of j(2)?
1
Suppose 3*t + 7 = -4*s, -11 = -6*t + 5*t + 2*s. Let r(g) = 169*g + 59. What is the tens digit of r(t)?
6
Suppose -5*p + 25 = 0, -3*d + 2*p = 4*p - 58. Suppose -d*q = -21*q + 1325. What is the tens digit of q?
6
Let a = -3634 + 7111. What is the hundreds digit of a?
4
Let n = 18278 - 15444. What is the units digit of n?
4
Let h = 68 + -67. What is the units digit of (-101)/303 - h/((-3)/496)?
5
Let k(l) = 1229*l**2 - 80*l - 391. What is the hundreds digit of k(-8)?
9
Let m(s) = s**2 + 5*s - 2. Let w be m(-5). Suppose -23*z + 16 = -39*z. What is the tens digit of (-65)/(-2) - z/w?
3
Let t(q) = q**3 - 84*q**2 - 70*q + 170. What is the thousands digit of t(86)?
8
Let x(m) = -m**2 - 15*m - 11. Let g be x(-14). Suppose 736 = 4*z - 3*l, g*l - 920 = -5*z + 8*l. What is the tens digit of z?
8
Let w(p) = 22*p - 11. Let k be w(-9). Let v = 68 - k. What is the hundreds digit of v?
2
Let c be (-4)/(-6) + ((-7174)/(-102) - -39). Let u(n) = 56*n + 1. Let t be u(1). Let f = c - t. What is the units digit of f?
3
Suppose 0 = -8*y + 4*y. Let w be 6/2 + y + -1. Suppose 5*q = -w*t + 28, 5*t - 41 = 4*q - 4. What is the units digit of t?
9
Let v be (-38)/(-12) - (-5)/(-30). Suppose 1013 = v*b - 601. What is the hundreds digit of b?
5
Let h(r) be the second derivative of r**5/20 - 13*r**4/12 + 11*r**3/6 + 7*r**2 - 15*r. Let m be h(12). What is the tens digit of (-1)/(m*-1*4/152)?
1
Suppose 0 = 5*p + 4*d + 456, -3*d + 252 = -3*p - 0*d. Let t = 150 + p. What is the tens digit of t + 10 + (0 - 1)?
7
Suppose -33104 = -3*b - 1094. What is the thousands digit of b?
0
Let u(p) = 1. Let j(q) = q**2 - 14*q + 33. Let n(c) = j(c) - 4*u(c). Let m be n(17). What is the units digit of (-542)/(-8) + -4*(-5)/m?
8
Let z be 5/((-50)/12)*(-10)/3. Suppose 2*a + 3*m - 334 = 0, -5*a + 2*m = z*m - 824. Suppose -f + 2*f = 3*q - 170, -2*f + a = 3*q. What is the tens digit of q?
5
Let h = -279 - -308. What is the tens digit of h*(4 + 4 - 1)?
0
Let y be (5/(-5))/(675/339 + -2). Suppose c = 4*r - y, c + 72 + 13 = -3*r. Let i = c - -215. What is the hundreds digit of i?
1
Let n be ((-23)/(-2) + -4)*48/30. Let h(l) = l**3 + l**2 + 4*l - 77. What is the thousands digit of h(n)?
1
Let u(q) = q**2 - 12*q - 19. Let p be u(13). Let t = -40 - -30. What is the units digit of ((-660)/(-25))/p*t?
4
Suppose 0 = 3*u - 10*u + 16398 + 190809. What is the hundreds digit of u?
6
Let p(m) = -m**2 - 19*m - 36. Let w be p(-4). What is the hundreds digit of (-112)/w*(-33)/(-7)*-6?
1
Let p(x) = x**2 - 16*x - 77. Let h be p(20). Suppose -h*n = -17*n + 4382. What is the tens digit of n?
1
Suppose 4*h = o + 3*h - 9756, -4*o + 2*h + 39018 = 0. What is the thousands digit of o?
9
Let q = -59 - -186. Let b be 121 + (-4)/12*-6. Suppose -q*s + 376 = -b*s. What is the tens digit of s?
9
Let d(g) = -18*g + 63. Let j be d(3). What is the units digit of (13 - j)/(-1 + (-60)/(-59))?
6
Let f(z) = -3*z**3 - 68*z**2 + 42*z + 456. What is the tens digit of f(-26)?
2
Suppose 997*j = 985*j + 43464. What is the units digit of j?
2
Let b(d) = 22*d**2 + 8*d - 110. Let f(a) = 7*a**2 + 3*a - 37. Let h(y) = 3*b(y) - 8*f(y). What is the tens digit of h(9)?
7
Suppose -6*x + 2*x + 24 = i, -35 = -5*i - 3*x. Let h(c) = 4*c**3 - 6*c**2 + 2*c + 19. What is the hundreds digit of h(i)?
1
Let o be (-6)/12*(-2 + 12)*-1. Let m be ((-2)/(-3) - 356/(-60))*o. Suppose -s = -m - 13. What is the units digit of s?
6
Suppose 0 = -3*g - s + 10, 5*g = 5*s - 4*s + 6. Suppose -3*q + 5*x - 30 = 2*q, -13 = g*q - 3*x. Let h(k) = -14*k + 13. What is the tens digit of h(q)?
8
Suppose c + 2*a - 890 = 10526, 0 = -5*c + 3*a + 57054. What is the tens digit of c?
1
Let k be (-2)/26 + (-25365)/(-195) + -26. Suppose c - 3*c = 152. Let m = k + c. What is the tens digit of m?
2
Suppose -10*f + 7*f = 2175. Let c = -54 - f. What is the tens digit of c?
7
Suppose -135 + 7367 = n + r, 4*n - 28933 = -3*r. What is the hundreds digit of n?
2
Suppose 5*h - 4*k - 29114 = 0, 8*h + 2*k - 17486 = 5*h. Suppose 13766 + h = 31*m. What is the hundreds digit of m?
6
Let f(m) = -m**2 - 2*m - 5. Let h(s) = 5*s**2 + 7*s + 7. Let t(w) = 4*f(w) + h(w). Suppose 4*q = 3*q - 6. What is the tens digit of t(q)?
2
What is the tens digit of ((-135)/45)/((-4)/14488)?
6
Suppose -3*k + 3 = -123. Let y be 2 + (-4)/(-14) + 72/k. Suppose -l + 55 + 22 = y*o, 2*l - 4*o - 130 = 0. What is the tens digit of l?
6
Let c be 54/(-12)*(-20)/18. Suppose -2*k = 5*b - 1477 + 298, -c*b = -5. What is the units digit of k?
7
Suppose -41*m + 40*m - 5*s = -37125, 6*s = -4*m + 148472. What is the hundreds digit of m?
1
Suppose -5*i - 5*x + 31500 = 0, -6 = 11*x - 12*x. What is the tens digit of i?
9
Suppose 19*c = -0*c + 38. What is the tens digit of 9/(-6) + (835/c - -5)?
2
Suppose -4*a - 7 = 5*f - 2, f + 4*a = -17. Suppose 5 + 10 = -f*c. Let m = c + 94. What is the tens digit of m?
8
What is the tens digit of (50/30)/((-1)/(-9594)*2)?
9
Suppose 1788 = 32*t - 100. Suppose -t*r = -53*r - 2994. What is the units digit of r?
9
Let x = 448 + 492. What is the units digit of (37/2)/(1890/x + -2)?
9
Suppose -8 = -4*s + 4*v, -4 = 5*s - 2*v - 20. Suppose -2*i + s*n = -5*i + 901, -5*n = -4*i + 1191. What is the units digit of i?
9
Let z = 101173 - 57446. What is the units digit of z?
7
What is the hundreds digit of 15236/3*(-711)/(-948)?
8
Let g = 14101 - -4737. What is the ten thousands digit of g?
1
Let t(z) = z**2 + 101*z - 5592. What is the ten thousands digit of t(115)?
1
Let q = -531 - -1064. Let s(a) = a**3 + 21*a**2 + a + 21. Let l be s(-21). Suppose 3*v + 2*f - 323 = l, -5*v - f + q = -3*f. What is the units digit of v?
7
Let z(x) = -19*x**3 + 3*x**2 - 3*x - 7. Suppose -3*d + 10 = -m - 7, -12 = -4*m - 4*d. What is the tens digit of z(m)?
6
What is the thousands digit of 52591 + (-4 + -17 - -2)?
2
Suppose 5*j = 418*j + 1447453 - 3800314. What is the hundreds digit of j?
6
Suppose 35*c - 48*c = 0. Let k be -3*2/6*-2. Suppose c*s + 140 = k*s. What is the units digit of s?
0
Let o(m) = -96*m**3 - 45*m**2 - 19*m - 115. What is the thousands digit of o(-6)?
9
Suppose -h + 5*a + 657 = 0, -423*a + 2520 = 4*h - 425*a. What is the units digit of h?
7
Suppose -2*q - 4*f - f + 1776 = 0, 1764 = 2*q - f. S